e the greatest common factor of n and 7.
7
Let b(q) = q**2 - 10*q - 4. Let i be b(8). Let l be (-2)/5 + (-1808)/i. Calculate the highest common divisor of l and 36.
18
Let g be (2 + -2 + -69)*(-2)/6. What is the greatest common divisor of g and 207?
23
Let u be (-6)/(-10) + 188/20. What is the highest common divisor of u and 10?
10
Suppose 0 = -5*t - 5*g - 20, -20 = -0*t - t + 5*g. Suppose 5*s - s - 532 = t. What is the greatest common divisor of 19 and s?
19
Suppose 22*i - 200 = 20*i. What is the greatest common divisor of i and 40?
20
Suppose c = -3*c + 60. What is the highest common divisor of 45 and c?
15
Let s = 54 - 30. Suppose t + 0*t - s = 0. Calculate the greatest common divisor of 4 and t.
4
Let y be (-88)/(-2) + (-4 - -2). Let t(a) = -a + 3. Let x be t(4). Let g(i) = 5*i**2 - i. Let p be g(x). Calculate the highest common divisor of y and p.
6
Suppose -2*c + 6 = -0*c. Suppose -b + 2*n + n + 7 = 0, c*n = -9. Let m be (152 - (2 + b)) + 2. Calculate the greatest common divisor of m and 14.
14
Let t(y) = 3*y**2 - 15*y. Let j be t(6). Suppose -5*s + 48 = 4*b, -s + 48 = 4*b - 3*s. What is the greatest common divisor of b and j?
6
Let n = 77 - -4. Let l be 20/24 - (-2)/12. Let c(j) = 9*j**2 + j - 1. Let z be c(l). Calculate the greatest common factor of z and n.
9
Let x be ((-28)/1)/(6*(-5)/60). What is the greatest common divisor of 28 and x?
28
Let d = 16 - 8. Let a = -38 - -86. What is the highest common divisor of d and a?
8
Let h(b) = 8*b - 8. Let l be h(4). Calculate the highest common factor of 120 and l.
24
Suppose s + 4*j - 12 = 0, 2*j = 3*s - j - 36. Suppose -539 - 109 = -6*g. What is the highest common divisor of g and s?
12
Let y(f) = -f**3 - 3*f**2 + 2. Let x be y(-3). Let v(p) = p + 1. Let j be v(1). Suppose x*z - 2 = j. Calculate the greatest common divisor of z and 3.
1
Suppose -4*s + 6 = h, 2*h - 3*h = -s - 1. Suppose -4 = -2*r - 4*b, r + 4*r - 37 = -b. What is the highest common factor of s and r?
1
Suppose -5*r + r - 52 = 4*t, t + 49 = -4*r. Let k = -3 - r. What is the greatest common divisor of k and 81?
9
Let d be ((-22)/3)/(3/(-9)). Suppose p = 8 + 14. Calculate the greatest common divisor of p and d.
22
Suppose 4*t + 4 = 8*u - 4*u, -3 = 3*u + 3*t. Suppose -3*n + 7*n - 160 = u. What is the greatest common divisor of 100 and n?
20
Suppose 19*h - 54 - 573 = 0. Calculate the highest common factor of 264 and h.
33
Suppose a = g + 10, a + 3*a + 4*g - 56 = 0. Suppose -1 = w - 5. Calculate the highest common divisor of w and a.
4
Let z = -50 - -82. Suppose -j = -19 + 3. What is the highest common factor of j and z?
16
Suppose -10*g + 20 = -6*g. Let s(b) = 3*b**2 - b + 1. Let a be s(1). Let k = g - a. Calculate the highest common divisor of 6 and k.
2
Let o(l) = 2*l. Let t be o(4). What is the highest common factor of 64 and t?
8
Let r be (2/(-3))/(2/(-3)). Let o = 3 + r. Let h(l) = -l**2 + 12*l + 1. Let w be h(11). Calculate the highest common divisor of w and o.
4
Let f(l) = -l**2 + 9*l + 3. Let i be f(8). Let a be 1/(-3)*(-3 - 162). What is the highest common factor of i and a?
11
Let w be 46 + -18 - (0 - 1*-4). Let k(x) = 2*x**2 + 9*x - 6. Let d be k(6). What is the highest common divisor of d and w?
24
Let m be 7 - 7 - (-34 + -3). Calculate the highest common divisor of m and 74.
37
Let y be ((-42)/(-4))/3*2. Suppose -56 = v - 5*v - 5*f, 4*v - 5*f - 56 = 0. Suppose -v = a - 42. Calculate the greatest common divisor of y and a.
7
Let j(a) = -a**3 + 3*a**2 + a + 1. Let u be j(3). Suppose -u*m - 72 = -8*m. What is the greatest common divisor of m and 12?
6
Suppose 2*f - f = -3, -5*f - 265 = -5*o. Let p = 78 - o. Suppose 3*t - p = t. What is the highest common factor of t and 2?
2
Suppose 2*g + 3 - 11 = 0. Suppose 0*d = 3*d - 4*f - 78, 2*d - 3*f = 53. Let j = d - 16. What is the highest common factor of j and g?
2
Let j = -12 + 42. Let v(s) = 12*s**2. Let p be v(1). Let k = p - 0. Calculate the greatest common factor of j and k.
6
Let w be (-12)/(-1)*(3 + -2). Calculate the greatest common divisor of w and 2.
2
Suppose -3*s = -0*s - 6. Suppose 4*f + 3*z = 84, 3*f - s*z = -2*f + 128. Calculate the greatest common factor of f and 16.
8
Let c = 94 - 54. Calculate the highest common divisor of c and 40.
40
Suppose 8 + 10 = d - 4*q, 0 = -3*d - 5*q - 31. Let z be -2*d/2 - 0. What is the highest common divisor of z and 16?
2
Suppose -2*r = -r - 2. Let v be 0*-1*1/r. Suppose -2*b + v = -90. Calculate the greatest common divisor of b and 9.
9
Let f = 64 + 8. Let i(t) = -t**2 - 11*t - 10. Let r be i(-9). Calculate the highest common divisor of f and r.
8
Suppose 6*z + 1572 = 3*z. Let i = z + 770. Suppose i = 3*x + 3*s + 2*s, 3*x - 234 = -s. What is the greatest common divisor of x and 11?
11
Suppose 0 = -7*m - 42 + 217. What is the highest common divisor of m and 275?
25
Let f = -7 + 16. What is the highest common divisor of 3 and f?
3
Suppose 2*b - 19 = 13. Let j be (-44)/1*(2 - 6). What is the greatest common factor of b and j?
16
Let d = -6 - -10. Let a = -1 - d. Let j be a/1*-1 + 2. What is the greatest common factor of 14 and j?
7
Let s(f) = -5*f - 2. Let x be s(-3). Let q(o) = 2*o**3 + 13*o**2 + 2*o - 11. Let n be q(-6). Calculate the highest common factor of x and n.
13
Suppose 0 = -4*g + 11 + 13. What is the greatest common divisor of g and 6?
6
Let x be 2/11 - (-306)/11. Let v be (-77)/x*12*-1. Suppose 3*c = c + 22. Calculate the highest common factor of v and c.
11
Suppose 0 = 5*o + 5, j + o + 2 = -4*o. Let g be (-4)/2 + 384/j. What is the highest common divisor of g and 14?
14
Suppose 2*m = -4*u + 10, -3*m = -5*m + 2. Let b = 3 - u. Suppose 5*j - 3*p - 37 = 0, 2*j - 11 = 2*p + 3*p. Calculate the greatest common divisor of j and b.
1
Let d = 24 + 16. Calculate the highest common divisor of 360 and d.
40
Let j(f) = -f**2 + 4*f + 3. Let o be j(4). Suppose 56 = o*z + z. Calculate the highest common divisor of 42 and z.
14
Let t be (-7924)/(-18) + 16/(-72). What is the greatest common divisor of t and 40?
40
Let d(y) = -y**2 - 7*y + 2. Let k be d(-7). Suppose -3*n + 18 = -k*n. What is the greatest common divisor of 9 and n?
9
Let r be 9790/35 - (-4)/14. Suppose 4*l + 3*d = 288, -d + 2*d - r = -4*l. Calculate the greatest common divisor of 23 and l.
23
Let v(n) = -4*n**2 + n + 2. Let a be v(2). Let c(t) = -2*t + 20. Let z be c(14). Let b be (a/z)/(6/40). Calculate the greatest common factor of b and 2.
2
Suppose -5*q + 3*q - 11 = -5*h, -2*h - 46 = 2*q. Let p = q - -32. Suppose 2*b - 3*b = -p. Calculate the greatest common divisor of 98 and b.
14
Suppose 2*w + o + 16 = 0, 13 = -w - 2*w + 4*o. Let s = -1 - w. Calculate the highest common factor of 18 and s.
6
Let y be -2*(-8 - (0 - 3 - -5)). Let d(h) = 9*h**2 - h + 2. Suppose -2*i + i + 3 = 0. Let p be d(i). What is the highest common divisor of y and p?
20
Let w(o) = 4*o**2 - o + 1. Let l be w(2). Suppose -7*r + 4*r = -l. Let t be (-3 + -5)/((-21)/15 + 1). Calculate the highest common divisor of r and t.
5
Suppose -2*k - 5 = -3*k. Calculate the highest common factor of k and 20.
5
Let g(b) = 4 + 8*b**2 - 3 + 3*b**2. Let v be g(1). Suppose 4*k - 42 = -10. What is the greatest common divisor of k and v?
4
Let j = 181 - 25. Calculate the greatest common factor of j and 24.
12
Let z(k) = 3*k**3 - 3*k**2 + k + 3. Let q be z(3). Let i = 23 - 11. What is the greatest common divisor of q and i?
12
Suppose j = -2*j - 9. Let p be j*3/(-9) + 2. Suppose -5*n = -h - 94 - 14, 72 = p*n + 3*h. What is the greatest common factor of n and 176?
22
Let z(f) = -14*f - 56. Let n be z(-7). Calculate the greatest common factor of 126 and n.
42
Suppose -2*k = -281 + 43. Let h be (-2)/3 - 212/(-12). What is the highest common factor of k and h?
17
Let q = 94 - 77. Let s(d) = 2*d - 2*d + 34*d**2 + 1 + d. Let w be s(-1). Calculate the highest common divisor of q and w.
17
Let s = 11 + 31. Suppose -150 = -3*c - s. Calculate the greatest common factor of 18 and c.
18
Let l be 916/12 - 2/6. Suppose r - 31 = -12. What is the greatest common factor of l and r?
19
Let k be (-140)/(-44) + 2/(-11). Suppose k*r - 8*r = -5. What is the highest common factor of r and 11?
1
Let d be (4 - 7) + -1 + 7. Suppose -2*v + v - 5*s = -13, -177 = -5*v + d*s. Calculate the highest common divisor of v and 33.
33
Suppose -3*z +